.
-36
Let a(t) = t**3 - 93*t**2 - 413*t + 21099. Give a(95).
-86
Let g(c) = -12923*c + 284305. What is g(22)?
-1
Let n(u) = 1260*u + 22046. Determine n(-17).
626
Let b(n) = -10063*n - 30028. Determine b(-3).
161
Let x(m) = 5*m**2 - 245*m - 7350. Give x(70).
0
Let a(l) = -l**2 - 1261*l - 72648. Calculate a(-60).
-588
Let f(a) = -17650*a + 11154806. Give f(632).
6
Let x(m) = 2*m**3 + 38*m**2 - 32*m + 110. Determine x(-20).
-50
Let j(k) = -2*k**2 - 24010*k + 96069. Give j(4).
-3
Let h(p) = p**2 - 2182*p + 667634. Give h(368).
82
Let d(c) = 19*c**2 - c + 1541. What is d(0)?
1541
Let u(s) = 2*s**3 - 7*s**2 - 18*s + 90. Calculate u(9).
819
Let f(o) = 8236*o + 5081539. Determine f(-617).
-73
Let m(t) = -153*t + 10062. Calculate m(73).
-1107
Let t(g) = -g**3 - 35*g**2 + 1650*g + 57843. Calculate t(-35).
93
Let u(a) = -2*a**3 + 1688*a**2 + 95*a - 80183. Calculate u(844).
-3
Let t(b) = 94428*b - 1322031. Give t(14).
-39
Let s(n) = 2*n**3 - 5*n**2 + 34*n - 310. What is s(9)?
1049
Let t(y) = -1220*y + 611221. Determine t(501).
1
Let q(y) = 811*y**2 + 4112*y - 10. Calculate q(-5).
-295
Let r(h) = -h**3 - 36*h**2 - 135*h - 6364. Give r(-37).
0
Let v(f) = 209*f**2 - 757*f - 1437. Calculate v(5).
3
Let i(y) = -5*y**3 + 16*y**2 + 156*y - 723. Calculate i(4).
-163
Let j(s) = -20*s**2 - 4601*s + 4367. What is j(-231)?
-22
Let w(u) = 39130*u - 313042. Determine w(8).
-2
Let v(z) = -142*z**2 + 1200*z + 721. Determine v(9).
19
Let b(f) = 27*f - 198. Give b(-9).
-441
Let s(y) = 3*y**3 + 32*y**2 + 131*y + 1098. What is s(-10)?
-12
Let c(j) = 203734*j - 5297095. What is c(26)?
-11
Let z(l) = 53016*l + 6149849. What is z(-116)?
-7
Let q(t) = -2*t**3 - t**2 - 10*t + 154. What is q(4)?
-30
Let f(i) = -58*i**2 + 6*i + 890. Give f(0).
890
Let u(r) = r**3 + 232*r**2 + 7959*r - 4013. Give u(-190).
-23
Let c(z) = -26*z**2 + 16542*z - 3725. Determine c(636).
91
Let i(d) = 35*d**3 + 16*d**2 + 33*d + 32. What is i(-1)?
-20
Let u(t) = -332*t + 2063. Calculate u(7).
-261
Let k(p) = -3*p**3 - 1342*p**2 + 2236*p - 4053. What is k(-449)?
-12
Let f(d) = 2406*d - 675796. Determine f(281).
290
Let t(k) = 6*k**2 - 63*k + 272. Calculate t(20).
1412
Let r(v) = 6*v**2 - 57*v - 1007. What is r(27)?
1828
Let x(b) = 10*b**2 + 2*b - 73. What is x(4)?
95
Let t(f) = -44*f**3 + 435*f**2 + 63*f - 142. What is t(10)?
-12
Let b(s) = -3265*s + 75145. Give b(23).
50
Let g(k) = -466*k - 26273. Give g(-57).
289
Let f(h) = 4*h**3 - 62*h**2 + 76*h - 728. Determine f(15).
-38
Let w(o) = o**2 + 170*o - 6899. Calculate w(34).
37
Let u(a) = a**3 - 51*a**2 + 201*a - 206. Determine u(3).
-35
Let b(i) = -i**3 - 246*i**2 + 121*i + 29753. Give b(-246).
-13
Let s(c) = 9806*c + 764871. Give s(-78).
3
Let i(p) = p**3 + 567*p**2 + 4969*p - 29572. What is i(-558)?
2
Let j(a) = -1389*a - 16229. What is j(-12)?
439
Let g(o) = -8*o**3 + 737*o**2 - 70*o + 182. Determine g(92).
2206
Let z(s) = 5*s + 936. What is z(-110)?
386
Let v(z) = -1990*z + 505447. Give v(254).
-13
Let a(s) = 5*s**3 - 1621*s**2 + 169*s + 50218. Calculate a(324).
-2
Let g(p) = 1345*p + 10807. Give g(-8).
47
Let x(y) = -159748*y + 2555962. Determine x(16).
-6
Let b(w) = -33427*w + 401033. Determine b(12).
-91
Let l(v) = -v**3 + 7*v**2 + 109*v + 127. Determine l(15).
-38
Let s(d) = -d**3 - 18*d**2 + 726*d - 3647. What is s(-39)?
-20
Let h(z) = -10122*z - 2692452. Determine h(-266).
0
Let b(p) = 293*p + 3802. What is b(-13)?
-7
Let y(b) = -36*b**3 + 839*b + 3341. What is y(-4)?
2289
Let y(v) = 38*v**2 - 4862*v + 4540. Determine y(127).
-32
Let h(v) = 25*v**2 + 361*v + 4162. Calculate h(-14).
4008
Let g(m) = 11599*m - 47142. Determine g(4).
-746
Let w(o) = -2*o**2 + 497*o + 15363. Calculate w(-28).
-121
Let m(k) = -2*k**3 - k**2 + 19*k - 271. What is m(8)?
-1207
Let z(c) = 2*c**2 - 511*c - 2067. Give z(-4).
9
Let j(n) = n**2 - 3703*n + 29646. Determine j(8).
86
Let h(y) = 8*y**2 - 1891*y - 4669. Give h(239).
350
Let a(j) = -j**3 + 21*j**2 + 98*j - 943. What is a(16)?
1905
Let j(t) = -t**2 + 296*t - 14518. What is j(60)?
-358
Let t(g) = -143*g - 2006. Give t(8).
-3150
Let t(z) = 341*z + 71915. What is t(-215)?
-1400
Let l(j) = 127*j**3 + j**2 - 494*j + 494. What is l(1)?
128
Let y(j) = -2*j**3 - 900*j**2 + 3432*j + 323441. What is y(-453)?
-1
Let g(n) = 155*n - 12603. What is g(87)?
882
Let c(q) = -9878*q - 69198. What is c(-7)?
-52
Let z(g) = 4088*g - 797150. What is z(195)?
10
Let y(g) = -47*g - 112. Calculate y(-2).
-18
Let i(z) = -184*z - 4079. Determine i(-20).
-399
Let k(o) = 466*o + 94954. What is k(-204)?
-110
Let u(y) = y**2 + 74*y - 30255. Determine u(-215).
60
Let z(p) = -22233*p + 130659. What is z(6)?
-2739
Let m(t) = t**3 - 11*t**2 - 283*t + 2882. Give m(18).
56
Let x(o) = -2*o**2 + 2709*o + 60819. Determine x(-22).
253
Let d(c) = 2080*c + 18070. Give d(-8).
1430
Let d(p) = 571*p**2 - 74235*p + 478. Determine d(130).
-172
Let q(k) = -195213*k - 585625. Give q(-3).
14
Let i(g) = -g**3 - 46*g**2 + 186*g + 6498. Determine i(-47).
-35
Let u(i) = -2*i**2 + 348*i - 14254. Determine u(99).
596
Let x(z) = 1334641*z + 5338602. Calculate x(-4).
38
Let a(r) = r**2 - 3023*r - 200724. Determine a(-65).
-4
Let s(k) = k**2 + 33*k - 1840. Calculate s(-50).
-990
Let p(c) = 98*c - 7704. Determine p(76).
-256
Let t(r) = r**3 - 22*r**2 - 3548*r + 78252. What is t(22)?
196
Let s(b) = -b**3 - 64*b**2 - 241*b - 135. Calculate s(-60).
-75
Let l(q) = -94*q**2 - 19286*q + 16067. Give l(-206).
-1
Let c(r) = 12427*r - 4051194. Calculate c(326).
8
Let k(d) = 3245*d + 6466. Determine k(-2).
-24
Let t(o) = o**3 + 31*o**2 - 93*o - 1028. What is t(-33)?
-137
Let k(o) = 29135*o + 874028. Give k(-30).
-22
Let a(t) = 230*t - 5722. Give a(33).
1868
Let w(f) = 2*f**3 - 888*f**2 - 899*f + 4155. Calculate w(445).
150
Let n(y) = -2*y**3 + 61*y**2 - 3*y + 32. Calculate n(0).
32
Let d(t) = -t**2 + 7380*t + 66503. Calculate d(-9).
2
Let f(q) = 959*q + 3750. Calculate f(-4).
-86
Let b(z) = z**3 + 61*z**2 - 329*z - 8939. What is b(-64)?
-171
Let s(h) = h**3 + 3*h**2 - 1448*h - 7213. Calculate s(-5).
-23
Let y(j) = 405*j + 13532. Calculate y(-33).
167
Let o(k) = 1736*k**2 - 43386*k - 345. What is o(25)?
5
Let d(k) = 21*k**2 - 141*k + 970. Calculate d(7).
1012
Let c(i) = 81*i**2 - 16607*i + 397. What is c(205)?
-13
Let v(t) = t**3 - 141*t**2 - 11523*t - 3788. Calculate v(199).
-7
Let v(s) = -s**2 + 114*s + 763. Determine v(139).
-2712
Let f(c) = -7*c**3 + 41*c**2 - 47*c + 303. Determine f(7).
-418
Let h(c) = 414*c**2 - 9545*c + 28. Give h(23).
-501
Let q(f) = f**3 - 109*f**2 + 62*f + 5008. Determine q(108).
40
Let w(k) = -k**2 + 425*k + 238446. Calculate w(-320).
46
Let p(g) = 3156*g + 53546. Calculate p(-17).
-106
Let o(z) = 12086*z - 108973. Give o(9).
-199
Let m(k) = k**2 + 35*k - 11746. Determine m(-129).
380
Let y(v) = 5*v**2 + 1040*v + 7004. What is y(-201)?
-31
Let l(r) = r**2 + 180*r + 671. What is l(-6)?
-373
Let v(j) = j**3 + 79*j**2 + 11174*j + 865560. Give v(-78).
72
Let k(x) = -3832*x - 111117. Determine k(-29).
11
Let p(c) = -51*c - 10835. Give p(-167).
-2318
Let o(n) = -396*n + 23799. Determine o(59).
435
Let l(t) = t**2 - 19136*t - 306472. Determine l(-16).
-40
Let c(j) = 518*j + 42416. Give c(-82).
-60
Let o(h) = -h**2 - 33*h + 4286. Give o(45).
776
Let i(j) = 12380*j**2 + 99032*j - 65. Give i(-8).
-1
Let k(z) = 479680*z + 2878132. Give k(-6).
52
Let q(y) = 4147*y - 8113. What is q(2)?
181
Let n(g) = 185*g - 7165. Give n(39).
50
Let i(y) = 802*y**2 - 10431*y + 92. Give i(13).
27
Let o(y) = 738*y - 177616. Determine o(241).
242
Let c(t) = t**3 - 1405*t**2 + 1495*t - 127740. Determine c(1404).
24
Let m(z) = -z**3 - 6*z**2 + 1429*z + 12628. What is m(-9)?
10
Let b(w) = -8*w**2 - 511*w + 289. Give b(-63).
730
Let m(d) = 960*d + 7658. Give m(-8).
-22
Let o(m) = -m**3 + 119*m**2 + 352*m + 144. Determine o(122).
-1564
Let j(v) = 45*v**2 - 16*v - 2689. Calculate j(8).
63
Let r(j) = -j**3 + 18*j**2 + 116*j - 607. Determine r(22).
9
Let z(t) = -5*t**2 - 14792*t - 59092. Give z(-4).
-4
Let p(u) = 621*u - 134111. Determine p(216).
25
Let f(i) = 579*i - 1733. Give f(3).
4
Let o(x) = 4145*x - 16817. Determine o(4).
-237
Let v(u) = 249*u - 5491. Determine v(23).
236
Let o(k) = 6*k**3 + 8*k**2 + 146*k + 412. Determine o(-4).
-428
Let u(w) = -w**3 + 62*w**2 - 118*w - 142. Determine u(60)